site?
False
Is 17377499999 composite?
True
Is 1028716849 a composite number?
False
Is 23226887581 a prime number?
True
Is 5896181 a prime number?
True
Is 181089822153 prime?
False
Is 448920469 a composite number?
False
Is 17962773533 a composite number?
False
Is 4388695189 prime?
False
Is 384873901747 prime?
True
Is 827845829 prime?
True
Is 855642413 prime?
True
Is 111287604853 prime?
False
Is 67157095673 prime?
True
Is 23250750119 composite?
True
Is 1159971377 prime?
False
Is 11696067781 a composite number?
False
Is 364787431 a prime number?
True
Is 3823861945 composite?
True
Is 41242624589 a prime number?
True
Is 5964513263 a prime number?
True
Is 5421497717 a composite number?
False
Is 173737151899 a prime number?
False
Is 1736727721 a composite number?
True
Is 386874289 a prime number?
True
Is 1779894881 a prime number?
True
Is 17053558027 a composite number?
True
Is 6538866821 a composite number?
False
Is 28547934083 a composite number?
True
Is 3518950307 composite?
False
Is 24244573117 a prime number?
False
Is 308425259 prime?
True
Is 126827 a composite number?
False
Is 1271340737 composite?
False
Is 7949270837 prime?
True
Is 915027257 a prime number?
False
Is 74338347331 a composite number?
True
Is 382574653 a composite number?
False
Is 982196513 prime?
True
Is 154744523351 a composite number?
True
Is 147298133 prime?
True
Is 107232337887 prime?
False
Is 33044647 prime?
False
Is 94698377 composite?
False
Is 6647542973 a prime number?
False
Is 102917185441 a prime number?
False
Is 2644406369 a composite number?
True
Is 469810309 a prime number?
False
Is 8603543131 a prime number?
False
Is 127894531 prime?
False
Is 40957926391 a prime number?
True
Is 546721579 a prime number?
True
Is 2040209239 a prime number?
False
Is 644403079 a composite number?
True
Is 138288883 a prime number?
True
Is 2000445017 a prime number?
False
Is 372856531 prime?
True
Is 184535401 prime?
True
Is 22902897509 a prime number?
True
Is 101281493 composite?
False
Is 26783790079 prime?
True
Is 8421111497 a composite number?
True
Is 213302057 composite?
False
Is 10590382447 a prime number?
False
Is 157260121 composite?
False
Is 48196563 a composite number?
True
Is 42568103 prime?
True
Is 557509391 composite?
False
Is 440883487 composite?
True
Is 16662334259 composite?
True
Is 4295447393 prime?
False
Is 27670732883 a prime number?
False
Is 47198513353 composite?
False
Is 153969211 prime?
False
Is 4890728357 a composite number?
True
Is 3471835853 prime?
True
Is 7147998617 a composite number?
False
Is 460079831 a composite number?
False
Is 902978483 prime?
False
Is 1295040751 a prime number?
True
Is 5551020857 prime?
False
Is 15416325049 prime?
True
Is 14650811953 a composite number?
True
Is 275923177 prime?
False
Is 1129053197 a prime number?
True
Is 3696005843 prime?
True
Is 1420013531 a prime number?
True
Is 793097735 a prime number?
False
Is 2471613997 composite?
False
Is 82644041 a prime number?
True
Is 173869009 a composite number?
True
Is 1966381979 a composite number?
True
Is 355134271 a prime number?
True
Is 260965049 a composite number?
True
Is 5108874049 a composite number?
True
Is 1581055669 a composite number?
True
Is 896248987 prime?
True
Is 929029502 composite?
True
Is 469958707 a prime number?
True
Is 2984177423 prime?
False
Is 42141103 a composite number?
False
Is 105877860461 a prime number?
True
Is 216600608649 prime?
False
Is 6965753033 a prime number?
False
Is 69833903 a prime number?
False
Is 66153385798 prime?
False
Is 142174337 a prime number?
True
Is 4456490167 a prime number?
True
Is 17019689 a prime number?
False
Is 644712331 a prime number?
False
Is 26969833199 a composite number?
False
Is 4480117633 a prime number?
True
Is 39182209487 prime?
True
Is 10931450909 composite?
False
Is 7413050913 composite?
True
Is 5047154621 composite?
False
Is 1089547477 a composite number?
False
Is 2093281279 prime?
False
Is 113220035347 prime?
True
Is 242650833977 composite?
False
Is 1581427877 prime?
True
Is 445652557 a composite number?
True
Is 11106415921 prime?
True
Is 95211877 a prime number?
False
Is 66374873273 prime?
True
Is 546804131 prime?
True
Is 67871098293 composite?
True
Is 261080587 prime?
False
Is 903326189 prime?
True
Is 8671561 a composite number?
True
Is 50817210701 prime?
True
Is 5209028849 composite?
True
Is 40859954531 prime?
False
Is 34658424887 a prime number?
True
Is 1237956163 prime?
False
Is 54795762055 a prime number?
False
Is 3701649949 a composite number?
False
Is 114719714591 a composite number?
False
Is 1081892717 composite?
False
Is 2914108781 prime?
True
Is 49371645151 composite?
False
Is 10601767669 a prime number?
False
Is 21083270777 a prime number?
True
Is 2596859101 prime?
True
Is 915782041 composite?
False
Is 57457546693 composite?
False
Is 559933027 a composite number?
True
Is 44418137 a prime number?
False
Is 110257841 a composite number?
True
Is 14491843879 prime?
True
Is 31064369617 a composite number?
False
Is 9815516618 a prime number?
False
Is 11925427 a composite number?
True
Is 9187107307 a composite number?
True
Is 328504327 prime?
True
Is 16488480409 prime?
False
Is 17547862447 a composite number?
False
Is 3337197923 prime?
False
Is 144030932167 prime?
True
Is 157772918879 a prime number?
True
Is 1668882899 a prime number?
False
Is 39088946161 composite?
False
Is 131696701 a prime number?
False
Is 21805508267 composite?
False
Is 10213347779 composite?
False
Is 2557013543 a prime number?
False
Is 165579988999 a composite number?
True
Is 13349331109 a prime number?
True
Is 6516838079 prime?
True
Is 12275713237 prime?
True
Is 2131530641 composite?
False
Is 306976183 a composite number?
True
Is 194807597 composite?
False
Is 1482863782 composite?
True
Is 755522269 a composite number?
True
Is 3550883131 composite?
False
Is 34728757559 a prime number?
True
Is 1375246633 a composite number?
False
Is 1996734637 a prime number?
False
Is 7429819403 prime?
True
Is 843968497 prime?
False
Is 51544430029 a composite number?
True
Is 45517953673 a prime number?
False
Is 10217361617 composite?
False
Is 459173803 a prime number?
False
Is 358529263 a prime number?
True
Is 130360507 a composite number?
True
Is 18883015257 composite?
True
Is 2616773173 a composite number?
True
Is 16018046909 a prime number?
False
Is 733711409 prime?
True
Is 1233709591 composite?
False
Is 6985207193 composite?
False
Is 40355471903 composite?
False
Is 706823111 prime?
False
Is 966545173 prime?
False
Is 350256359 a composite number?
True
Is 8916443629 a composite number?
False
Is 4004970637 composite?
True
Is 2258153369 a composite number?
False
Is 1017102479 a composite number?
False
Is 3957148021 a prime number?
False
Is 37295874767 composite?
False
Is 158402959061 prime?
False
Is 1162526201 a composite number?
True
Is 879154249 composite?
False
Is 42838931477 a composite number?
False
Is 133405495 composite?
True
Is 57834383 prime?
True
Is 4078115753 composite?
True
Is 615513211 composite?
True
Is 317575163 a composite number?
False
Is 1129015837 prime?
True
Is 16861718089 a prime number?
True
Is 16982183 composite?
False
Is 21172235533 prime?
False
Is 4548451213 a composite number?
False
Is 259085711 a composite number?
False
Is 203788421 composite?
True
Is 54197095781 a composite number?
False
Is 3576927287 composite?
False
Is 1999217606 a composite number?
True
Is 6367056557 a prime number?
True
Is 6617089099 prime?
False
Is 1033489361 a prime number?
True
Is 333646618397 a prime number?
False
Is 399605099 composite?
False
Is 159888834211 a composite number?
False
Is 2813454635 a composite number?
True
Is 440038289 a prime number?
False
Is 1071205061 a prime number?
True
Is 154377611017 a prime number?
False
Is 267151589 a composite number?
False
Is 6055112047 composite?
False
Is 17712980827 a prime number?
False
Is 314561801 prime?
False
Is 14702956387 prime?
False
Is 57054977093 a prime number?
True
Is 1007547053 a prime number?
False
Is 2713411703 prime?
False
Is 20254633621 prime?
False
Is 23345449889 a composite number?
False
Is 36544143019 composite?
False
Is 1120715471 prime?
False
Is 222513173 a composite number?
True
Is 32176276831 composite?
True
Is 33750605549 a prime number?
False
Is 2650083859 a composite number?
False
Is 10773